{"id":29,"date":"2023-09-07T12:01:46","date_gmt":"2023-09-07T10:01:46","guid":{"rendered":"https:\/\/labullesociale.fr\/?page_id=29"},"modified":"2025-05-12T01:24:40","modified_gmt":"2025-05-11T23:24:40","slug":"pour-les-professionnels","status":"publish","type":"page","link":"https:\/\/labullesociale.fr\/index.php\/tarifs\/pour-les-professionnels\/","title":{"rendered":"Pour les Professionnels"},"content":{"rendered":"\n<hr class=\"wp-block-separator has-alpha-channel-opacity\"\/>\n\n\n\n<h3 class=\"wp-block-heading\" id=\"permanence-decoute-et-de-soutien-aupres-de-vos-usagers-salaries-patients-clients\"><strong>Permanence d\u2019\u00e9coute et de soutien aupr\u00e8s de vos usagers, salari\u00e9s, patients, clients<\/strong><\/h3>\n\n\n\n<p><strong>Entretien ponctuel en ligne&nbsp;<\/strong>:<\/p>\n\n\n\n<ul class=\"wp-block-list\">\n<li>65 euros\/heure HT<\/li>\n<\/ul>\n\n\n\n<p><strong>Permanence psycho-sociale en distanciel, sur une demie-journ\u00e9e, avec horaires fixes :<\/strong><\/p>\n\n\n\n<ul class=\"wp-block-list\">\n<li>65 euros\/heure HT<\/li>\n<\/ul>\n\n\n\n<p>Toute les permanences sont propos\u00e9es par t\u00e9l\u00e9phone et\/ou visioconf\u00e9rence avec l\u2019envoi de documentations, orientation et suivi par mail\/t\u00e9l\u00e9phone\/visioconf\u00e9rence. Les permanences psycho-sociales sont toujours soumises au secret professionnel.<\/p>\n\n\n\n<hr class=\"wp-block-separator has-alpha-channel-opacity\"\/>\n\n\n\n<h3 class=\"wp-block-heading\" id=\"accompagnement-social-intervention-sociale-daide-a-la-personne-ou-dinteret-collectif-pour-vos-usagers-salaries-patients-clients\"><strong>Accompagnement social, intervention sociale d\u2019aide \u00e0 la personne ou d\u2019int\u00e9r\u00eat collectif pour vos&nbsp;<\/strong><strong>usagers, salari\u00e9s, patients, clients\u2026<\/strong><\/h3>\n\n\n\n<p><strong>Accompagnement social individuel en ligne :<\/strong><\/p>\n\n\n\n<ul class=\"wp-block-list\">\n<li>65 euros\/heure HT<\/li>\n<\/ul>\n\n\n\n<p><strong>Permanence sociale en ligne, sur une demie-journ\u00e9e, avec horaires fixes :<\/strong><\/p>\n\n\n\n<p>Toutes les permanences sont propos\u00e9es par t\u00e9l\u00e9phone et\/ou visioconf\u00e9rence, avec l\u2019engagement du suivi de la situation sociale des personnes accompagn\u00e9es par le biais du mode de communication de leurs choix. Les permanences sociales sont toujours soumises au secret professionnel.<\/p>\n\n\n\n<p><strong>R\u00e9union d\u2019informations sur une th\u00e9matique sociale<\/strong>&nbsp;: 150 euros\/heure HT<\/p>\n\n\n\n<p><strong>Formations sociales<\/strong>&nbsp;: sur devis.<\/p>\n\n\n\n<hr class=\"wp-block-separator has-alpha-channel-opacity\"\/>\n\n\n\n<p><strong>Les moyens de paiements<\/strong><\/p>\n\n\n\n<ul class=\"wp-block-list\">\n<li>Paiement en ligne<\/li>\n\n\n\n<li>Virement bancaire<\/li>\n<\/ul>\n\n\n\n<p>Toute intervention n\u00e9cessite la mise en place d\u2019un contrat ou d\u2019une convention.<\/p>\n\n\n\n<p>Vous venez de prendre connaissance des tarifs pour les professionnels. Pour plus de questions,&nbsp;<a href=\"https:\/\/labullesociale.fr\/index.php\/contact\/\">contactez&nbsp;moi ici !<\/a><\/p>\n\n\n\n<hr class=\"wp-block-separator has-alpha-channel-opacity\"\/>\n\n\n\n<h3 class=\"wp-block-heading\" id=\"paiement-en-ligne\"><a href=\"https:\/\/www.laplumesociale.com\/tarifs-pour-les-professionnels\/#top\"><\/a><\/h3>\n","protected":false},"excerpt":{"rendered":"<p>Permanence d\u2019\u00e9coute et de soutien aupr\u00e8s de vos usagers, salari\u00e9s, patients, clients Entretien ponctuel en ligne&nbsp;: Permanence psycho-sociale en distanciel, sur une demie-journ\u00e9e, avec horaires fixes : Toute les permanences sont propos\u00e9es par t\u00e9l\u00e9phone et\/ou visioconf\u00e9rence avec l\u2019envoi de documentations, orientation et suivi par mail\/t\u00e9l\u00e9phone\/visioconf\u00e9rence. Les permanences psycho-sociales sont toujours soumises au secret professionnel. Accompagnement [&hellip;]<\/p>\n","protected":false},"author":1,"featured_media":0,"parent":15,"menu_order":0,"comment_status":"closed","ping_status":"closed","template":"","meta":{"footnotes":""},"class_list":["post-29","page","type-page","status-publish","hentry"],"_links":{"self":[{"href":"https:\/\/labullesociale.fr\/index.php\/wp-json\/wp\/v2\/pages\/29","targetHints":{"allow":["GET"]}}],"collection":[{"href":"https:\/\/labullesociale.fr\/index.php\/wp-json\/wp\/v2\/pages"}],"about":[{"href":"https:\/\/labullesociale.fr\/index.php\/wp-json\/wp\/v2\/types\/page"}],"author":[{"embeddable":true,"href":"https:\/\/labullesociale.fr\/index.php\/wp-json\/wp\/v2\/users\/1"}],"replies":[{"embeddable":true,"href":"https:\/\/labullesociale.fr\/index.php\/wp-json\/wp\/v2\/comments?post=29"}],"version-history":[{"count":5,"href":"https:\/\/labullesociale.fr\/index.php\/wp-json\/wp\/v2\/pages\/29\/revisions"}],"predecessor-version":[{"id":111,"href":"https:\/\/labullesociale.fr\/index.php\/wp-json\/wp\/v2\/pages\/29\/revisions\/111"}],"up":[{"embeddable":true,"href":"https:\/\/labullesociale.fr\/index.php\/wp-json\/wp\/v2\/pages\/15"}],"wp:attachment":[{"href":"https:\/\/labullesociale.fr\/index.php\/wp-json\/wp\/v2\/media?parent=29"}],"curies":[{"name":"wp","href":"https:\/\/api.w.org\/{rel}","templated":true}]}}